s the remainder when u is divided by 5?
2
Suppose 0 = -3*y - 2*o - 145, 2*y + 2*y + 212 = 2*o. Let x = y + 60. Calculate the remainder when 33 is divided by x.
6
Suppose 100 = 4*m - 224. Suppose -3*t + m = -0*t. What is the remainder when 107 is divided by t?
26
Let d = -8 - -26. Suppose -5*j - 2*t + 155 = 2*t, 5*j + t = 155. Suppose -j = -3*f + 122. Calculate the remainder when f is divided by d.
15
Let j(u) = 29*u - 3. Let f = -12 - -87. Calculate the remainder when f is divided by j(1).
23
Let k(d) = 2*d**2 + 23*d + 25. Let n(j) = 3*j**2 + 35*j + 38. Let y(u) = 7*k(u) - 5*n(u). What is the remainder when 42 is divided by y(-12)?
6
Calculate the remainder when 7 + (-1200)/(-36)*3/2 is divided by 30.
27
Suppose -6 = -b + 10. Let t = 612 - 583. Calculate the remainder when t is divided by b.
13
Let t be 3 - (-3 + 3 - 0). Suppose -171 = t*v - 2*v. Calculate the remainder when (0 - -3)/((-27)/v) is divided by 10.
9
Let r = 157 + -46. Calculate the remainder when r is divided by 28.
27
Suppose r = -2*r + 9. Let o be -22 + (-2 + -1)/r. Let c = o - -34. Calculate the remainder when c is divided by 7.
4
Suppose c + 156 = 3*c. Let g(s) be the first derivative of 2*s**2 - 4*s - 3. Calculate the remainder when c is divided by g(6).
18
Let a(m) = -14*m**3 - m**2 - m - 1. Suppose 4*d - 119 = 41. Suppose h + 34 = p + 3*h, p + 4*h - d = 0. Calculate the remainder when a(-2) is divided by p.
25
Calculate the remainder when 4 - -71 - (1 + 0) is divided by 21.
11
Let w = 3090 - 3088. Calculate the remainder when 134 is divided by w.
0
Suppose 4*v - 194 = 5*u, -2*v - v = -2*u - 142. Suppose b + 0*g = 5*g + 2, g + 14 = b. Calculate the remainder when v is divided by b.
12
Let l(f) = -f**2 - 10*f + 3. Let c be l(-6). Let m = -18 + c. Calculate the remainder when 43 is divided by m.
7
Suppose d - 3*v + 4*v = 20, 2*v + 17 = d. Suppose 21*w = d*w. Suppose 3*g - 291 = -w*g. Calculate the remainder when g is divided by 25.
22
Suppose 4*m + 2*a - 114 = 0, 42 = m - 2*a + 7*a. Let x = -28 - -79. Calculate the remainder when x is divided by m.
24
Let r = -827 - -857. Calculate the remainder when 59 is divided by r.
29
Suppose 24 + 4 = -4*y. Let p(m) = -4*m - 8. Let d be p(y). Suppose h - 5 = d. What is the remainder when h is divided by 14?
11
Suppose 5*a = 2*i + 78 - 17, 0 = -3*a + 5*i + 48. Let t = 0 + a. What is the remainder when 40 is divided by t?
7
Let k(c) = 67*c**3 - c**2 - 4*c + 4. What is the remainder when 329 is divided by k(1)?
65
Let f be (-70)/40 + (-1)/4 - -4. Suppose -f*n = i - 12, 0 = 4*i + 4*n - 22 - 14. Calculate the remainder when 2*(17/2 + 0) is divided by i.
5
Let o be (-4)/(-14) - (-2280)/(-42). Let g be ((-64)/12 - -1)*o. Suppose -g = -4*t + t. What is the remainder when t is divided by 27?
24
Let p = -335 + 344. Calculate the remainder when 40 is divided by p.
4
Suppose 3*v = 47 + 10. Let l be (-2)/(-5) + 16/10. Suppose -3*t + 30 = 2*k, 2*k = -l*t - k + 20. What is the remainder when v is divided by t?
9
Suppose 0 = -38*c + 45*c - 154. What is the remainder when 219 is divided by c?
21
Let d be -1 + 0/(4/2). What is the remainder when d + 5 - (-16)/1 is divided by 11?
9
Suppose g - 58 = -a, 0 = a + 2*g + 2*g - 58. Let y be 2/2*(47 + -1). Let v = -16 + y. Calculate the remainder when a is divided by v.
28
Suppose -43 + 141 = w - 5*y, -2*w + 2*y + 188 = 0. Let a = w + -89. What is the remainder when 17 is divided by a?
1
Suppose 2*p + 3*p - 30 = 0. Suppose -153 = -9*y + p*y. Suppose 3*c = 3, -2*n - 3*c + 59 = 2*c. Calculate the remainder when y is divided by n.
24
Suppose 512 = 18*u + 46*u. Suppose 63 = 5*c - 4*m, -5*c - m + 48 = -2*c. Calculate the remainder when c is divided by u.
7
What is the remainder when 34 is divided by 0/(-2) - (-35 + 23)?
10
Suppose 2*s + 4*l - 2 = 0, s + 4 = 3*l - 5. Let u(w) = -w**3 - 2*w**2 - 3*w - 3. Let h be u(s). Let t = 10 + h. Calculate the remainder when t is divided by 13.
12
Let s(j) = 184*j + 19. What is the remainder when s(1) is divided by 13?
8
Suppose 0 = -8*m + 67 + 197. Calculate the remainder when 160 is divided by m.
28
Let l(r) = 4*r**2 - 27*r - 473. Calculate the remainder when l(-10) is divided by 52.
41
Let x = 148 + 159. Let d = -111 + x. Suppose 4 = 2*p + 14, d = 4*z + 4*p. What is the remainder when z is divided by 11?
10
What is the remainder when 14/168 - (-1847)/12 is divided by 31?
30
Suppose 4*z = 5*z + 5*c - 49, 3*c - 123 = -3*z. Let l(j) = 17*j**2 - 2*j + 2. What is the remainder when z is divided by l(1)?
5
Let u(h) = -h + 16. Let f(q) = 2*q**2 - 16*q + 7. Let g be f(8). Calculate the remainder when 32 is divided by u(g).
5
Suppose -3*s + 43 - 10 = 0. Suppose -28*f + 1425 + 367 = 0. What is the remainder when f is divided by s?
9
Let x = 33 + -11. What is the remainder when (x - 23) + (85 - 1) is divided by 42?
41
Suppose 112*n - 1328 = 96*n. What is the remainder when 156 is divided by n?
73
Suppose 36 = 3*d - 4*h + 97, -h + 4 = 0. Let x = -15 - d. Suppose 8*l - 3*l - 85 = x. What is the remainder when 48 is divided by l?
14
Let s be (-4)/10 - (-1072)/(-20). Let b = s + 85. Suppose -23 = 8*q - 999. Calculate the remainder when q is divided by b.
29
Suppose -14*w + 1612 = 12*w. What is the remainder when 245 is divided by w?
59
Suppose -2*d = 2*b - 177 - 485, 0 = -b - 4*d + 340. Calculate the remainder when b is divided by 15.
13
Suppose 2*q = q + 72. Suppose -7 = 5*c - 32, -3*u = 3*c - q. Suppose -3*i + 70 = -i. Calculate the remainder when i is divided by u.
16
Let o = 21 - 17. Let v = -14 + 24. Calculate the remainder when -3 + (o + -5)*-51 is divided by v.
8
Suppose i - 16 = -0. Suppose 2*m - i = -g, 3*g = -5*m + 7*g + 53. Calculate the remainder when 15 is divided by m.
6
Let z(d) = 27*d + 9. Let n be z(11). Suppose -3*h + 0*h = -3*y + n, 102 = y - 4*h. What is the remainder when y is divided by 26?
24
Let v(z) = 2*z**2 + 2*z - 4. Suppose -3*n + o = -0*o - 429, 0 = -5*o - 15. Calculate the remainder when n is divided by v(4).
34
Suppose -u = -5*c - 475, -2*c - 3*c + 2*u - 470 = 0. Let z = c - -105. What is the remainder when 15 is divided by z?
6
Let k be (-1)/(-8)*4*44. Suppose 0*b + k = 2*b. Calculate the remainder when 37 is divided by b.
4
Suppose 0 = 2*o - 2 + 4. Let x be -37 - o*(-2 - 1). Let b = -19 - x. Calculate the remainder when b is divided by 12.
9
Suppose f + 11 + 1 = 0. Let o be f/20 + 129/15. Suppose 0 = -9*u + o*u + 19. Calculate the remainder when 37 is divided by u.
18
Suppose -p - 647 = -5*b, 59*b - 5*p + 535 = 63*b. Suppose 0 = 4*n - 26 - 18. What is the remainder when b is divided by n?
9
Let p = 197 + -194. What is the remainder when 29 is divided by p?
2
What is the remainder when 239 is divided by (2 - -8) + (-4 - -14 - 9)?
8
Let l = 1150 - 1132. What is the remainder when 1/(((-3)/213)/(-1)) is divided by l?
17
Let q(x) = x**3 + 2*x**2 - 2*x - 2. Let u be q(-2). What is the remainder when 3 is divided by u + -3 - (6 - 9)?
1
Let t(n) = 8*n**3 - 3*n**2 + 4*n - 5. Suppose -3 = 3*g + 3*o, -2*o + 0 - 6 = 0. Calculate the remainder when t(g) is divided by 7.
6
Let v(p) = -13*p + 311. What is the remainder when 110 is divided by v(21)?
34
Let r(v) = -2*v**2 - 21*v - 14. Let y(g) = 6*g**2 + 62*g + 41. Let x(b) = 11*r(b) + 4*y(b). Calculate the remainder when 11 is divided by x(-8).
1
Let z be (0 + -1)*9/6*-2. Suppose -6*c + 138 = -z*c. Calculate the remainder when c is divided by 16.
14
What is the remainder when 109 is divided by 50 + (-9)/(27/(-15))?
54
Suppose -7*q + 25 = -12*q. Let f be q + (5 - 4) - -8. Suppose f = h - 37. What is the remainder when h is divided by 7?
6
Let l(r) = 9 + 1 + 8 + 0*r - 3*r. Calculate the remainder when 107 is divided by l(-3).
26
Suppose -53*r + 49*r = -28. Let p(c) = -c - 1. Let k be p(-5). Calculate the remainder when 31*r/(14/k) is divided by 16.
14
Let h = 88 - 13. Let i = h + -36. Let w = 23 + i. Calculate the remainder when w is divided by 16.
14
Let t(h) = 6*h**2 + 117*h + 64. What is the remainder when (-2)/(-6) - (-322)/6 is divided by t(-19)?
5
Let t(p) = -5*p + 96. What is the remainder when 1012 is divided by t(14)?
24
Suppose -3*x - 59 = 40. Let w = 41 + x. What is the remainder when w is divided by 5?
3
Let g be 9*((-1)/(-3) - 0). Suppose -s + 5*y = -34, -y + 61 - 7 = g*s. What is the remainder when s is divid